+ 1/20*g**5. Determine s(-9).
-4
Suppose 11*j + 62 = 414. Suppose 7*w = 39 - j. Let i(r) = 26*r**3. Determine i(w).
26
Let c(z) = 11*z + 0*z - 5*z. Let i = 48 + -42. Let v(k) = k. Let n(l) = i*c(l) - 39*v(l). What is n(4)?
-12
Suppose -5*m = 2*b + 249, 4*b + m = 2*b - 237. Let f = 119 + b. Let z(x) = -6*x + 1. Calculate z(f).
-11
Let l(w) = 31*w - 11*w - 7*w - 5*w - 1. Let s = -371 - -372. Determine l(s).
7
Let n(y) = 4 + 26565*y - 26573*y + 9. Let z be 12 + -2*(-1)/2. Let a(s) = 4*s - 6. Let i(b) = z*a(b) + 6*n(b). Calculate i(3).
12
Let h(f) = -f**3 + 16*f**2 - 12*f + 28. Let b be (95/133)/((-15)/(-315)). Determine h(b).
73
Let l be 19/(-57)*6 - -1. Let a(c) = -4*c**3 + c**2 - 1. Determine a(l).
4
Let i be -3 - 1 - (3 + -10). Let c(r) = 50*r - 12. Let z(l) = -22*l + 6. Let y(m) = i*c(m) + 7*z(m). What is y(2)?
-2
Let p(r) = 3*r**3 + r - 3. Let t(j) = -8*j**3 + 8*j**2 - 2*j + 11. Let u(d) = -3*p(d) - t(d). Calculate u(-6).
-68
Let m(x) = -5*x - 200. Let c(w) = -3*w - 134. Let s(r) = -7*c(r) + 5*m(r). Let u be s(-17). Let l(v) = -3*v + 20. Determine l(u).
2
Let k(i) = i + 2. Let s = 379 + -365. Let x(l) = l**2 - 13*l - 17. Let c be x(s). What is k(c)?
-1
Suppose 7*f = -4*f. Suppose -8*b - b = f. Let h(l) = l**3 + l**2 + l - 1. Determine h(b).
-1
Let n(f) = 6*f + 6. Suppose 4*s = 3*p + 21, -2*p + 4*p = 3*s - 16. Determine n(s).
42
Suppose 8071 - 1959 = -40*a + 422*a. Let w(t) = t**2 - 11*t - 33. What is w(a)?
47
Let s(d) = -23*d**3 - 5*d**2 + 12*d + 12. Let v(k) = -50*k**3 - 11*k**2 + 26*k + 25. Let r(g) = -13*s(g) + 6*v(g). What is r(0)?
-6
Let m(b) = b**2 + 61*b - 2280. Let z be m(-87). Let c(d) = d**2 + 16*d - 33. Calculate c(z).
3
Let g(u) = -7*u**2 + 8*u - 3 + 2 + 5 - u**3. Let q(p) = -p**3 - 6*p**2 - 3*p + 12. Let h be q(-5). Suppose -15 = -0*c + 3*c, c = h*r + 11. Calculate g(r).
4
Let v be ((-3)/21 - 96/14) + -2. Let i(j) be the third derivative of j**5/60 + 11*j**4/24 + 3*j**3/2 - 415*j**2. Determine i(v).
-9
Let j(f) = 126*f - 29. Let y be j(-4). Let w = -521 - y. Let x(h) = -h**3 + 13*h**2 - 15*h + 16. What is x(w)?
-20
Let g(j) = -j**3 + 8*j**2 + 21*j + 5. Suppose 5*c + 470 = 520. Determine g(c).
15
Let z(u) = -9*u + 93. Let p(i) = 2*i - 21. Let w(s) = 13*p(s) + 3*z(s). What is w(12)?
-6
Suppose 0 = -9*l + 209 + 25. Let b be (-2)/(-13) - (0 + 56/l). Let f(x) = -x**3 - 3*x**2 + 3*x + 1. Give f(b).
-9
Let l(i) = 103*i - 62*i - 53*i + 9. Calculate l(-5).
69
Let x(f) = 2*f**3 - 2*f**2 + 3*f - 1. Let a = 15806 - 15804. Give x(a).
13
Let r(c) = 9 - 3*c - 13 + c**2 + 1. Suppose 0 = -4*b - 4*q + 3 + 1, -q - 17 = -5*b. Suppose -b*z = -4*z + 3. Determine r(z).
-3
Let j = -35 + 35. Suppose -4*b + 6*t - t - 3 = j, -b + 2 = -4*t. Let r(y) = -29*y**2 - 15 + 30*y**2 + 13 - 2*y. Determine r(b).
6
Let s(d) = 6*d**2 - 7*d + 1. Let y(g) = -g**2 - 1. Let o(i) = -s(i) - 5*y(i). Let v(l) = -l**3 + 5*l**2 + 37*l + 10. Let f be v(-4). Calculate o(f).
10
Let n(s) be the first derivative of -1/2*s**2 - 10*s + 64. Determine n(-13).
3
Let i(j) = 2*j**3 + 25*j**2 - 13*j + 3. Let o be i(-13). Suppose o*r - 58 = a, -2*r + 5*a - 3 = -20. Suppose r - 21 = 4*u. Let y(p) = p + 11. Give y(u).
11
Let d(n) = -n**3 + 16*n**2 - 1. Let b be 2/5 - 234/(-15). Let t be d(b). Let l(u) = -15 + 15 + 0*u**2 + 12*u**3 + 3*u**3 + u + u**2. Give l(t).
-15
Let i(w) = -3*w**3 + 4*w**2 - 4*w + 3. Let g = -11 + 25. Let c be (-2150)/(-175) + (-4)/g. Let z be 1 - 15/18 - (-22)/c. Determine i(z).
-13
Let n = -42 - -46. Let w(g) = 4*g - 1 + n + 6 + 0 - 2. Give w(-3).
-5
Let s(f) be the first derivative of 7*f**4/4 - f**3/3 - 4*f**2 + 8*f + 6717. Determine s(1).
6
Let d(j) = 3*j**2 - 6*j - 1. Let m(x) = x. Let b be (8/(-3))/(4/6) - 0. Let p(o) = b*m(o) - d(o). Determine p(2).
-7
Let t be 238/(-20) + (151/(-10) - -4 - -11). Let r(a) = -a**2 - 8*a + 50. Determine r(t).
2
Let s(w) be the third derivative of w**6/24 + w**4/12 - w**3/6 + 4*w**2. Let d = 199 + -198. Let z be 3/1 + (-1 - d). Determine s(z).
6
Let y(u) = -u**3 - 5*u**2 - 4*u - 1. Let a be (165/9 - 5)/(3/9). Let m be 0/(-1) - (-1 - -3). Let v be (-24)/a - m*34/(-20). What is y(v)?
-1
Let i(m) = 4*m + 78. Let a(g) = 2*g + 40. Let p(w) = 7*a(w) - 4*i(w). Let x(y) = -y - 15. Let l(s) = 3*p(s) - 7*x(s). Calculate l(-14).
-5
Let d(b) = -2*b - 6 + 12 + 3*b. Let z be d(-4). Let v(m) = 2 + z*m**2 - 5*m**2 + 2*m**2 - 2*m - 4*m. Determine v(-6).
2
Let s(z) = 689*z - 1394*z - z**2 + 706*z + 3*z**2 - 5. Give s(4).
31
Let f be (-2)/9 + (27 - (-2665)/(-117)). Let g(x) be the second derivative of 0 - 1/20*x**5 + 0*x**3 - 12*x + 3/2*x**2 + 1/2*x**f. Give g(6).
3
Let a = -1 - 1. Let u(p) be the second derivative of 2*p**3/3 + p**2/2 + 538*p + 9. Determine u(a).
-7
Let p(m) be the first derivative of -m**6/72 + m**5/60 - m**4/24 - m**3/3 - 72*m - 17. Let u(b) be the third derivative of p(b). Determine u(1).
-4
Let p be 24/((-3360)/(-28)) + 43/10. Let q(t) be the second derivative of -19*t - 1/12*t**4 + p*t**2 - 1/20*t**5 - 1/6*t**3 + 0. Give q(0).
9
Let r(a) = -20*a**3 - 2*a**2 + 2*a - 1. Suppose 0 = -p - 5*f + 4*f - 2, 2*f - 4 = 2*p. Let v be (-5 + 135/25)/(p/(-5)). What is r(v)?
-21
Let x be (15/(-6))/((-1)/4). Suppose x*b - 16*b = -42. Let z(t) = -14*t - b + 15*t + 13. Determine z(-3).
3
Let c be (4/10)/(3/(-15)). Let o be 126/(-8)*(26 - 30). Let n(h) = -3 + 132*h**2 - 2*h - o*h**2 - 70*h**2. Determine n(c).
-3
Let u(r) = -5. Let o(a) = -20*a + 86. Let h(j) = o(j) + 9*u(j). Determine h(2).
1
Let o = -4833 + 4829. Let s(t) = -t**3 - 4*t**2 + 5*t + 4. Give s(o).
-16
Let h = 16786 + -16789. Let y(i) = -2*i**3 - 5*i**2 + 5*i + 7. What is y(h)?
1
Let l(g) = g**3 + 6*g**2 + g - 1. Let n be l(-6). Let y(a) = a**3 - 5*a**2 + 4*a + 4. Let d be y(4). Let u(o) = 6 - d*o**2 + 5*o**2 + 2 + 7*o - 3. Give u(n).
5
Let n(v) = v**2 + 5*v + 2. Suppose -46*u - 32 = 60. What is n(u)?
-4
Let u(g) = g - 2. Suppose 2*t - 5*i = 5*t, -2*t = 5*i. Let w be 26 + -1*(t + 4). Suppose 9*o - 4 = -w. Determine u(o).
-4
Let l(a) = -a + 1. Let x(m) = -2*m - 9. Let n(o) = -2*l(o) - x(o). Suppose 17*b = 15*b - 12. What is n(b)?
-17
Let h(q) = q**2 + 5*q - 19. Let s be h(-6). Let t(g) = -4*g - 39. Calculate t(s).
13
Let n(u) = -72*u + 502. Suppose 33 - 70 = -4*c - 3*h, 2*c = 5*h - 1. Determine n(c).
-2
Let c(k) = -6*k - 4. Let y(p) = 8*p + 6. Let j(f) = 7*c(f) + 5*y(f). Suppose 113 = -29*x - 3. Calculate j(x).
10
Let m(q) = 4*q**3 + q**2 - q. Let k(s) = s**3 + 6*s**2 - 10*s - 7. Let l be k(-8). Let w = 61 + l. Suppose -w + 0 = -6*g. Calculate m(g).
4
Let t(r) = 27334*r**2 - 27335*r**2 + 2 - 2 - 2 + 0. Give t(0).
-2
Let q = -1955 - -1988. Let s(k) = 3*k**2 - 100*k + 35. What is s(q)?
2
Let g be (-44)/(-594) + (-119)/(-945) + 34/5. Let r(s) = 2*s - 11. What is r(g)?
3
Let y(u) = -u - 1. Let d(c) = 2*c + 1. Let j(x) = -d(x) - 3*y(x). Suppose -3*m + 15 = 4*q, -2*m + 3 + 3 = 2*q. Determine j(q).
8
Let h(u) = -2*u - 3. Let c be (-5*2/(-20))/((-1)/(-6)). Suppose z + z = 6. Suppose -3*r = z + c. Determine h(r).
1
Let a(d) be the second derivative of -7/2*d**2 + d**3 + 1/12*d**4 - 131*d + 0. Give a(-7).
0
Let r(p) = -32*p + 527. Let v be r(16). Let m(l) = -2*l + 37. Determine m(v).
7
Suppose -10 = -4*u + 2*o, -u - u + 10 = -2*o. Let a be -3*((-168)/(-9) + u). Let c = a + 61. Let w(b) = -b**2 + 5*b. Determine w(c).
0
Let t(g) = -7 + 7 - 4 + 3*g. Let n(i) = 2*i**2 + 31*i - 22. Let q be n(-16). Let c be ((-2)/(-3))/((-1)/q). Calculate t(c).
8
Let f(o) = -2*o**2 - 28*o - 103. Let l be f(-8). Let s(b) = -5*b - 36. Determine s(l).
-1
Let g(u) = -174*u - 714. Let t be g(-4). Let o(n) = -n**3 - 23*n**2 - 89*n + 20. What is o(t)?
2
Let p(k) = 3 - k**2 - 3*k + 0*k**2 + 0*k. Suppose 7*c - 5 = 65. Suppose -2*b - 8*z = -12*z - c, 0 = 5*b - 4*z - 1. What is p(b)?
3
Let j(n) = -14*n - 143. Let g be 15/(-10)*(32/192)/((-1)/(-40)). Calculate j(g).
-3
Let v be (-16)/3 + (-2)/(-6). Let r(t) = -t**2 + 11*t - 5. Let s(w) = 5*w**2 + 4 - 1 + 8 + 10 - 47*w. Let y(p) = 9*r(p) + 2*s(p). Calculate y(v).
-3
Let z(q) = -18*q + 74. Let v be -16*(-6)/240 + ((-144)/10)/(-4). Determine z(v).
2
Suppose 0 = 4*a + a - 4*h + 34, 0 = 4*a + 4*h + 20. Let b(x) = 19*x + 42. Let c be b(a). Let q = c - -64. Let n(o) = -2*o - 10. Determine n(q).
6
Let v = 3 + -2. Let j(r) = 3*r - 1. Suppose u = 2*u - 5, 0 = -5*i + u. Let c(h) = 16*h 